List the prime factors of 932555244.
2, 3, 8059, 9643
What are the prime factors of 26122210?
2, 5, 113, 23117
What are the prime factors of 93926768?
2, 13, 17, 101, 263
What are the prime factors of 752387919?
3, 29, 193, 44809
What are the prime factors of 3375924952?
2, 61, 6917879
List the prime factors of 75580958.
2, 41, 67, 13757
What are the prime factors of 56809194?
2, 3, 13, 157, 4639
List the prime factors of 116392356.
2, 3, 1077707
What are the prime factors of 1621224290?
2, 5, 7, 3308621
What are the prime factors of 276755267?
43, 1361, 4729
List the prime factors of 20340804.
2, 3, 11, 154097
List the prime factors of 841385960.
2, 5, 2711, 7759
List the prime factors of 40827924.
2, 3, 67, 16927
What are the prime factors of 90050118?
2, 3, 15008353
List the prime factors of 562589310.
2, 3, 5, 1123, 16699
List the prime factors of 49258104.
2, 3, 7, 101, 2903
What are the prime factors of 335489836?
2, 11, 7624769
List the prime factors of 61078812.
2, 3, 61, 181, 461
List the prime factors of 46121356.
2, 11530339
List the prime factors of 55236314.
2, 7, 1543, 2557
What are the prime factors of 42998738?
2, 241, 89209
List the prime factors of 24332404.
2, 1553, 3917
List the prime factors of 733886396.
2, 17, 179, 60293
List the prime factors of 648783077.
269, 2411833
What are the prime factors of 2080260360?
2, 3, 5, 1926167
List the prime factors of 63143432.
2, 11, 717539
List the prime factors of 1291416394.
2, 11047, 58451
List the prime factors of 37419770.
2, 5, 3741977
List the prime factors of 370728438.
2, 3, 61788073
List the prime factors of 81026282.
2, 461, 87881
List the prime factors of 49701931.
17, 229, 751
What are the prime factors of 1420785710?
2, 5, 17, 41, 203843
List the prime factors of 3883268909.
13, 31, 241, 39983
What are the prime factors of 259699072?
2, 17, 23, 5189
List the prime factors of 79509939.
3, 26503313
List the prime factors of 268783002.
2, 3, 643, 7741
List the prime factors of 55681573.
181, 307633
What are the prime factors of 4019346104?
2, 502418263
What are the prime factors of 1994190030?
2, 3, 5, 7, 19, 107, 173
List the prime factors of 135264994.
2, 67632497
What are the prime factors of 45987782?
2, 53, 433847
List the prime factors of 69429328.
2, 4339333
List the prime factors of 69111056.
2, 7, 19, 47, 691
List the prime factors of 172386355.
5, 43, 163, 4919
List the prime factors of 202997873.
13, 37, 67, 6299
What are the prime factors of 428032?
2, 11, 19
List the prime factors of 1363535500.
2, 5, 109, 127, 197
What are the prime factors of 713875932?
2, 3, 7, 11, 23, 11197
What are the prime factors of 104545482?
2, 3, 17424247
What are the prime factors of 26280714?
2, 3, 4380119
What are the prime factors of 66613371?
3, 11, 193, 10459
List the prime factors of 57893619.
3, 7, 17, 257, 631
List the prime factors of 42389017.
11, 3853547
What are the prime factors of 18623380?
2, 5, 931169
What are the prime factors of 54334296?
2, 3, 313, 2411
List the prime factors of 909471237.
3, 303157079
List the prime factors of 1152001919.
37, 4513, 6899
List the prime factors of 617679206.
2, 308839603
List the prime factors of 48756618.
2, 3, 2708701
List the prime factors of 78356818.
2, 61, 10529
List the prime factors of 42781389.
3, 7, 2037209
What are the prime factors of 411994735?
5, 29, 853, 3331
List the prime factors of 507045801.
3, 169015267
List the prime factors of 743059174.
2, 11, 13, 2598109
What are the prime factors of 37523629?
11, 13, 53, 4951
List the prime factors of 27133324.
2, 6783331
What are the prime factors of 87047634?
2, 3, 14507939
List the prime factors of 372162410.
2, 5, 37216241
List the prime factors of 182263943.
1889, 96487
List the prime factors of 4538064118.
2, 7, 191, 1697107
List the prime factors of 97755643.
97755643
What are the prime factors of 1228567027?
443, 2773289
List the prime factors of 514382961.
3, 199, 861613
List the prime factors of 388090526.
2, 397, 488779
What are the prime factors of 3878747873?
7, 11, 13, 1117, 3469
List the prime factors of 123277562.
2, 23, 37, 72431
List the prime factors of 61157203.
31, 1972813
What are the prime factors of 175849499?
7, 25121357
List the prime factors of 118649897.
118649897
What are the prime factors of 98852680?
2, 5, 389, 6353
List the prime factors of 38015886.
2, 3, 6335981
What are the prime factors of 89216417?
89216417
What are the prime factors of 1075014689?
7, 131, 1172317
What are the prime factors of 6551616962?
2, 11, 11923, 24977
List the prime factors of 20671492.
2, 1291, 4003
What are the prime factors of 8009910742?
2, 43, 93138497
List the prime factors of 255464580.
2, 3, 5, 7, 523, 1163
What are the prime factors of 188257944?
2, 3, 7, 23, 83, 587
What are the prime factors of 96832028?
2, 2213, 10939
What are the prime factors of 2242241842?
2, 31, 443, 81637
List the prime factors of 5602352888.
2, 11, 63663101
What are the prime factors of 120397334?
2, 37, 43, 157, 241
List the prime factors of 256545280.
2, 5, 100213
List the prime factors of 298890705.
3, 5, 19926047
List the prime factors of 3017280325.
5, 83, 521, 2791
List the prime factors of 1016410708.
2, 254102677
List the prime factors of 2191830511.
13, 8461, 19927
What are the prime factors of 854962044?
2, 3, 71246837
List the prime factors of 10841930.
2, 5, 11, 98563
List the prime factors of 4114782683.
11, 173, 797, 2713
List the prime factors of 995039224.
2, 37, 89, 107, 353
List the prime factors of 421358171.
13, 61, 531347
List the prime factors of 152585949.
3, 61, 563, 1481
List the prime factors of 42219403.
42219403
List the prime factors of 279188822.
2, 11, 12690401
List the prime factors of 1293982362.
2, 3, 229, 313921
List the prime factors of 62659042.
2, 17, 1842913
What are the prime factors of 915139786?
2, 11, 397, 104779
List the prime factors of 196005423.
3, 863, 75707
List the prime factors of 564590589.
3, 29, 491, 13217
List the prime factors of 1025924330.
2, 5, 17, 6034849
What are the prime factors of 252265886?
2, 23, 5484041
List the prime factors of 1425073633.
421, 3384973
What are the prime factors of 216929767?
23, 107, 181, 487
What are the prime factors of 201890878?
2, 7, 17, 179, 677
What are the prime factors of 407797506?
2, 3, 97, 311, 751
What are the prime factors of 226602362?
2, 7, 59, 39191
List the prime factors of 301017262.
2, 7, 13, 83, 19927
What are the prime factors of 1466279352?
2, 3, 20364991
What are the prime factors of 39249485?
5, 11, 713627
What are the prime factors of 1336962867?
3, 263, 1694503
What are the prime factors of 530131373?
530131373
What are the prime factors of 353751542?
2, 176875771
List the prime factors of 39040366.
2, 61, 97, 3299
List the prime factors of 67271077.
19, 3540583
List the prime factors of 13024826.
2, 6512413
List the prime factors of 4472094646.
2, 2236047323
What are the prime factors of 28104186?
2, 3, 11, 38711
What are the prime factors of 274159491?
3, 91386497
List the prime factors of 65896510.
2, 5, 59, 67, 1667
List the prime factors of 4693619789.
89, 52737301
What are the prime factors of 22677084?
2, 3, 69991
List the prime factors of 4577832.
2, 3, 7, 31, 293
What are the prime factors of 105456201?
3, 35152067
What are the prime factors of 1152248048?
2, 7, 10287929
What are the prime factors of 13259970?
2, 3, 5, 67, 733
What are the prime factors of 7238718503?
46447, 155849
What are the prime factors of 1518268268?
2, 11, 34506097
List the prime factors of 2802065522.
2, 1401032761
What are the prime factors of 21458520?
2, 3, 5, 37, 179
What are the prime factors of 4187455?
5, 29, 28879
What are the prime factors of 308185?
5, 61637
What are the prime factors of 7297132459?
7297132459
List the prime factors of 1284186701.
7, 43, 61, 69941
List the prime factors of 198350236.
2, 7, 661, 1531
List the prime factors of 41009654.
2, 7, 29, 101009
What are the prime factors of 673680901?
673680901
What are the prime factors of 4455561?
3, 11, 135017
List the prime factors of 2625468676.
2, 23, 3061, 9323
What are the prime factors of 276921586?
2, 67, 2066579
What are the prime factors of 5250779004?
2, 3, 613, 787, 907
What are the prime factors of